{"id":159,"date":"2020-11-14T15:00:51","date_gmt":"2020-11-14T14:00:51","guid":{"rendered":"http:\/\/levinselongeorges.com\/?page_id=159"},"modified":"2021-04-25T12:03:32","modified_gmt":"2021-04-25T10:03:32","slug":"conseils","status":"publish","type":"page","link":"https:\/\/levinselongeorges.com\/index.php\/conseils\/","title":{"rendered":"CONSEILS"},"content":{"rendered":"\t\t<div data-elementor-type=\"wp-page\" data-elementor-id=\"159\" class=\"elementor elementor-159\" data-elementor-post-type=\"page\">\n\t\t\t\t\t\t<section class=\"elementor-section elementor-top-section elementor-element elementor-element-4a76a4ac elementor-section-height-min-height elementor-section-boxed elementor-section-height-default elementor-section-items-middle\" data-id=\"4a76a4ac\" data-element_type=\"section\" data-settings=\"{&quot;background_background&quot;:&quot;classic&quot;}\">\n\t\t\t\t\t\t\t<div class=\"elementor-background-overlay\"><\/div>\n\t\t\t\t\t\t\t<div class=\"elementor-container elementor-column-gap-default\">\n\t\t\t\t\t<div class=\"elementor-column elementor-col-100 elementor-top-column elementor-element elementor-element-582d77c5\" data-id=\"582d77c5\" data-element_type=\"column\">\n\t\t\t<div class=\"elementor-widget-wrap elementor-element-populated\">\n\t\t\t\t\t\t<div class=\"elementor-element elementor-element-38e1e12 elementor-widget elementor-widget-heading\" data-id=\"38e1e12\" data-element_type=\"widget\" data-widget_type=\"heading.default\">\n\t\t\t\t<div class=\"elementor-widget-container\">\n\t\t\t<h2 class=\"elementor-heading-title elementor-size-large\">CONSEILS<\/h2>\t\t<\/div>\n\t\t\t\t<\/div>\n\t\t\t\t<div class=\"elementor-element elementor-element-58718e7c elementor-widget-divider--view-line elementor-widget elementor-widget-divider\" data-id=\"58718e7c\" data-element_type=\"widget\" data-widget_type=\"divider.default\">\n\t\t\t\t<div class=\"elementor-widget-container\">\n\t\t\t\t\t<div class=\"elementor-divider\">\n\t\t\t<span class=\"elementor-divider-separator\">\n\t\t\t\t\t\t<\/span>\n\t\t<\/div>\n\t\t\t\t<\/div>\n\t\t\t\t<\/div>\n\t\t\t\t<div class=\"elementor-element elementor-element-3c759df6 elementor-widget elementor-widget-heading\" data-id=\"3c759df6\" data-element_type=\"widget\" data-widget_type=\"heading.default\">\n\t\t\t\t<div class=\"elementor-widget-container\">\n\t\t\t<p class=\"elementor-heading-title elementor-size-medium\">Diff\u00e9rentes prestations de conseils pour les professionnels et les particuliers.       \n<\/p>\t\t<\/div>\n\t\t\t\t<\/div>\n\t\t\t\t<div class=\"elementor-element elementor-element-9d40cb0 elementor-widget elementor-widget-heading\" data-id=\"9d40cb0\" data-element_type=\"widget\" data-widget_type=\"heading.default\">\n\t\t\t\t<div class=\"elementor-widget-container\">\n\t\t\t<p class=\"elementor-heading-title elementor-size-medium\">Devis sur demande en fonction de la dur\u00e9e et de la nature de la prestation souhait\u00e9e. \n<\/p>\t\t<\/div>\n\t\t\t\t<\/div>\n\t\t\t\t\t<\/div>\n\t\t<\/div>\n\t\t\t\t\t<\/div>\n\t\t<\/section>\n\t\t\t\t<section class=\"elementor-section elementor-top-section elementor-element elementor-element-e6e66dc elementor-section-boxed elementor-section-height-default elementor-section-height-default\" data-id=\"e6e66dc\" data-element_type=\"section\">\n\t\t\t\t\t\t<div class=\"elementor-container elementor-column-gap-default\">\n\t\t\t\t\t<div class=\"elementor-column elementor-col-100 elementor-top-column elementor-element elementor-element-13c3ebc2\" data-id=\"13c3ebc2\" data-element_type=\"column\">\n\t\t\t<div class=\"elementor-widget-wrap elementor-element-populated\">\n\t\t\t\t\t\t<div class=\"elementor-element elementor-element-58875cf2 elementor-position-left elementor-vertical-align-middle elementor-widget elementor-widget-image-box\" data-id=\"58875cf2\" data-element_type=\"widget\" data-widget_type=\"image-box.default\">\n\t\t\t\t<div class=\"elementor-widget-container\">\n\t\t\t<div class=\"elementor-image-box-wrapper\"><figure class=\"elementor-image-box-img\"><img fetchpriority=\"high\" decoding=\"async\" width=\"2560\" height=\"1707\" src=\"https:\/\/levinselongeorges.com\/wp-content\/uploads\/2021\/02\/javier-balseiro-jDU4yYk5Kgs-unsplash-scaled.jpg\" class=\"attachment-full size-full wp-image-551\" alt=\"cave a vins\" srcset=\"https:\/\/levinselongeorges.com\/wp-content\/uploads\/2021\/02\/javier-balseiro-jDU4yYk5Kgs-unsplash-scaled.jpg 2560w, https:\/\/levinselongeorges.com\/wp-content\/uploads\/2021\/02\/javier-balseiro-jDU4yYk5Kgs-unsplash-300x200.jpg 300w, https:\/\/levinselongeorges.com\/wp-content\/uploads\/2021\/02\/javier-balseiro-jDU4yYk5Kgs-unsplash-1024x683.jpg 1024w, https:\/\/levinselongeorges.com\/wp-content\/uploads\/2021\/02\/javier-balseiro-jDU4yYk5Kgs-unsplash-768x512.jpg 768w, https:\/\/levinselongeorges.com\/wp-content\/uploads\/2021\/02\/javier-balseiro-jDU4yYk5Kgs-unsplash-1536x1024.jpg 1536w, https:\/\/levinselongeorges.com\/wp-content\/uploads\/2021\/02\/javier-balseiro-jDU4yYk5Kgs-unsplash-2048x1365.jpg 2048w\" sizes=\"(max-width: 2560px) 100vw, 2560px\" \/><\/figure><div class=\"elementor-image-box-content\"><h3 class=\"elementor-image-box-title\">Cr\u00e9ation d'une cave chez un particulier<\/h3><p class=\"elementor-image-box-description\">En fonction de vos go\u00fbts et de votre budget, un large choix de vins et spiritueux \u00e0 d\u00e9guster ou \u00e0 attendre vous sera soumis.<\/p><\/div><\/div>\t\t<\/div>\n\t\t\t\t<\/div>\n\t\t\t\t<div class=\"elementor-element elementor-element-78db3b4 elementor-position-left elementor-vertical-align-middle elementor-widget elementor-widget-image-box\" data-id=\"78db3b4\" data-element_type=\"widget\" data-widget_type=\"image-box.default\">\n\t\t\t\t<div class=\"elementor-widget-container\">\n\t\t\t<div class=\"elementor-image-box-wrapper\"><figure class=\"elementor-image-box-img\"><img decoding=\"async\" width=\"2560\" height=\"1440\" src=\"https:\/\/levinselongeorges.com\/wp-content\/uploads\/2021\/02\/arisa-chattasa-0LaBRkmH4fM-unsplash-scaled.jpg\" class=\"attachment-full size-full wp-image-553\" alt=\"carte des vins\" srcset=\"https:\/\/levinselongeorges.com\/wp-content\/uploads\/2021\/02\/arisa-chattasa-0LaBRkmH4fM-unsplash-scaled.jpg 2560w, https:\/\/levinselongeorges.com\/wp-content\/uploads\/2021\/02\/arisa-chattasa-0LaBRkmH4fM-unsplash-300x169.jpg 300w, https:\/\/levinselongeorges.com\/wp-content\/uploads\/2021\/02\/arisa-chattasa-0LaBRkmH4fM-unsplash-1024x576.jpg 1024w, https:\/\/levinselongeorges.com\/wp-content\/uploads\/2021\/02\/arisa-chattasa-0LaBRkmH4fM-unsplash-768x432.jpg 768w, https:\/\/levinselongeorges.com\/wp-content\/uploads\/2021\/02\/arisa-chattasa-0LaBRkmH4fM-unsplash-1536x864.jpg 1536w, https:\/\/levinselongeorges.com\/wp-content\/uploads\/2021\/02\/arisa-chattasa-0LaBRkmH4fM-unsplash-2048x1152.jpg 2048w\" sizes=\"(max-width: 2560px) 100vw, 2560px\" \/><\/figure><div class=\"elementor-image-box-content\"><h3 class=\"elementor-image-box-title\">R\u00e9vision ou suivi d'une carte des vins<\/h3><p class=\"elementor-image-box-description\">Afin de soulager votre emploi du temps et de guider vos choix en tenant compte de vos param\u00e8tres g\u00e9ographiques, gastronomiques et \u00e9conomiques optez pour l\u2019aide pr\u00e9cieuse du maitre sommelier.<\/p><\/div><\/div>\t\t<\/div>\n\t\t\t\t<\/div>\n\t\t\t\t<div class=\"elementor-element elementor-element-1ea0e0b8 elementor-position-left elementor-vertical-align-middle elementor-widget elementor-widget-image-box\" data-id=\"1ea0e0b8\" data-element_type=\"widget\" data-widget_type=\"image-box.default\">\n\t\t\t\t<div class=\"elementor-widget-container\">\n\t\t\t<div class=\"elementor-image-box-wrapper\"><figure class=\"elementor-image-box-img\"><img decoding=\"async\" width=\"2560\" height=\"1706\" src=\"https:\/\/levinselongeorges.com\/wp-content\/uploads\/2021\/02\/jose-ruales-p6UBKhlryRE-unsplash-scaled.jpg\" class=\"attachment-full size-full wp-image-552\" alt=\"bar \u00e0 vins\" srcset=\"https:\/\/levinselongeorges.com\/wp-content\/uploads\/2021\/02\/jose-ruales-p6UBKhlryRE-unsplash-scaled.jpg 2560w, https:\/\/levinselongeorges.com\/wp-content\/uploads\/2021\/02\/jose-ruales-p6UBKhlryRE-unsplash-300x200.jpg 300w, https:\/\/levinselongeorges.com\/wp-content\/uploads\/2021\/02\/jose-ruales-p6UBKhlryRE-unsplash-1024x683.jpg 1024w, https:\/\/levinselongeorges.com\/wp-content\/uploads\/2021\/02\/jose-ruales-p6UBKhlryRE-unsplash-768x512.jpg 768w, https:\/\/levinselongeorges.com\/wp-content\/uploads\/2021\/02\/jose-ruales-p6UBKhlryRE-unsplash-1536x1024.jpg 1536w, https:\/\/levinselongeorges.com\/wp-content\/uploads\/2021\/02\/jose-ruales-p6UBKhlryRE-unsplash-2048x1365.jpg 2048w\" sizes=\"(max-width: 2560px) 100vw, 2560px\" \/><\/figure><div class=\"elementor-image-box-content\"><h3 class=\"elementor-image-box-title\">Cr\u00e9ation d\u2019une cave \u00e0 vins, d\u2019une carte des vins dans un restaurant ou bar \u00e0 vins<\/h3><p class=\"elementor-image-box-description\">Proposition de vins et de spiritueux en fonction d\u2019un budget \u00e9tabli et d\u2019une \u00e9tude au pr\u00e9alable.<\/p><\/div><\/div>\t\t<\/div>\n\t\t\t\t<\/div>\n\t\t\t\t<div class=\"elementor-element elementor-element-c10b724 elementor-position-left elementor-vertical-align-middle elementor-widget elementor-widget-image-box\" data-id=\"c10b724\" data-element_type=\"widget\" data-widget_type=\"image-box.default\">\n\t\t\t\t<div class=\"elementor-widget-container\">\n\t\t\t<div class=\"elementor-image-box-wrapper\"><figure class=\"elementor-image-box-img\"><img loading=\"lazy\" decoding=\"async\" width=\"2560\" height=\"1143\" src=\"https:\/\/levinselongeorges.com\/wp-content\/uploads\/2021\/02\/St-Chinian-7363-2-scaled.jpg\" class=\"attachment-full size-full wp-image-617\" alt=\"assemblage vin\" srcset=\"https:\/\/levinselongeorges.com\/wp-content\/uploads\/2021\/02\/St-Chinian-7363-2-scaled.jpg 2560w, https:\/\/levinselongeorges.com\/wp-content\/uploads\/2021\/02\/St-Chinian-7363-2-300x134.jpg 300w, https:\/\/levinselongeorges.com\/wp-content\/uploads\/2021\/02\/St-Chinian-7363-2-1024x457.jpg 1024w, https:\/\/levinselongeorges.com\/wp-content\/uploads\/2021\/02\/St-Chinian-7363-2-768x343.jpg 768w, https:\/\/levinselongeorges.com\/wp-content\/uploads\/2021\/02\/St-Chinian-7363-2-1536x686.jpg 1536w, https:\/\/levinselongeorges.com\/wp-content\/uploads\/2021\/02\/St-Chinian-7363-2-2048x914.jpg 2048w\" sizes=\"(max-width: 2560px) 100vw, 2560px\" \/><\/figure><div class=\"elementor-image-box-content\"><h3 class=\"elementor-image-box-title\">Assemblage et cr\u00e9ation de cuv\u00e9es au domaine<\/h3><p class=\"elementor-image-box-description\">Un avis appr\u00e9ci\u00e9 du vigneron issu d\u2019une \u00e9coute plus attentive et plus pertinente aupr\u00e8s des consommateurs en compl\u00e9ment des conseils de votre \u0153nologue. <\/p><\/div><\/div>\t\t<\/div>\n\t\t\t\t<\/div>\n\t\t\t\t\t<\/div>\n\t\t<\/div>\n\t\t\t\t\t<\/div>\n\t\t<\/section>\n\t\t\t\t<\/div>\n\t\t","protected":false},"excerpt":{"rendered":"<p>CONSEILS Diff\u00e9rentes prestations de conseils pour les professionnels et les particuliers. Devis sur demande en fonction de la dur\u00e9e et de la nature de la prestation souhait\u00e9e. Cr\u00e9ation d&rsquo;une cave chez un particulier En fonction de vos go\u00fbts et de votre budget, un large choix de vins et spiritueux \u00e0 d\u00e9guster ou \u00e0 attendre vous [&hellip;]<\/p>\n","protected":false},"author":1,"featured_media":0,"parent":0,"menu_order":0,"comment_status":"closed","ping_status":"closed","template":"","meta":{"footnotes":""},"class_list":["post-159","page","type-page","status-publish","hentry"],"_links":{"self":[{"href":"https:\/\/levinselongeorges.com\/index.php\/wp-json\/wp\/v2\/pages\/159","targetHints":{"allow":["GET"]}}],"collection":[{"href":"https:\/\/levinselongeorges.com\/index.php\/wp-json\/wp\/v2\/pages"}],"about":[{"href":"https:\/\/levinselongeorges.com\/index.php\/wp-json\/wp\/v2\/types\/page"}],"author":[{"embeddable":true,"href":"https:\/\/levinselongeorges.com\/index.php\/wp-json\/wp\/v2\/users\/1"}],"replies":[{"embeddable":true,"href":"https:\/\/levinselongeorges.com\/index.php\/wp-json\/wp\/v2\/comments?post=159"}],"version-history":[{"count":39,"href":"https:\/\/levinselongeorges.com\/index.php\/wp-json\/wp\/v2\/pages\/159\/revisions"}],"predecessor-version":[{"id":750,"href":"https:\/\/levinselongeorges.com\/index.php\/wp-json\/wp\/v2\/pages\/159\/revisions\/750"}],"wp:attachment":[{"href":"https:\/\/levinselongeorges.com\/index.php\/wp-json\/wp\/v2\/media?parent=159"}],"curies":[{"name":"wp","href":"https:\/\/api.w.org\/{rel}","templated":true}]}}